{"id":53,"date":"2020-09-05T09:33:36","date_gmt":"2020-09-05T07:33:36","guid":{"rendered":"http:\/\/vodickajiri.com\/?page_id=53"},"modified":"2021-02-08T11:34:15","modified_gmt":"2021-02-08T10:34:15","slug":"o-mne","status":"publish","type":"page","link":"https:\/\/vodickajiri.com\/","title":{"rendered":""},"content":{"rendered":"\n<p><\/p>\n\n\n\n<div class=\"wp-block-media-text alignwide has-media-on-the-right is-stacked-on-mobile is-vertically-aligned-top\"><figure class=\"wp-block-media-text__media\"><img loading=\"lazy\" width=\"683\" height=\"1024\" src=\"https:\/\/vodickajiri.com\/wp-content\/uploads\/2020\/10\/JirkaVodicka_portret_DGP-7-683x1024.jpeg\" alt=\"\" class=\"wp-image-161 size-full\" srcset=\"https:\/\/vodickajiri.com\/wp-content\/uploads\/2020\/10\/JirkaVodicka_portret_DGP-7-683x1024.jpeg 683w, https:\/\/vodickajiri.com\/wp-content\/uploads\/2020\/10\/JirkaVodicka_portret_DGP-7-200x300.jpeg 200w, https:\/\/vodickajiri.com\/wp-content\/uploads\/2020\/10\/JirkaVodicka_portret_DGP-7-768x1152.jpeg 768w, https:\/\/vodickajiri.com\/wp-content\/uploads\/2020\/10\/JirkaVodicka_portret_DGP-7-1024x1536.jpeg 1024w, https:\/\/vodickajiri.com\/wp-content\/uploads\/2020\/10\/JirkaVodicka_portret_DGP-7-1366x2048.jpeg 1366w, https:\/\/vodickajiri.com\/wp-content\/uploads\/2020\/10\/JirkaVodicka_portret_DGP-7-scaled.jpeg 1707w\" sizes=\"(max-width: 683px) 100vw, 683px\" \/><\/figure><div class=\"wp-block-media-text__content\">\n<h1>Ji\u0159\u00ed Vodi\u010dka, Ph.D.<\/h1>\n\n\n\n<p><span style=\"color:#810406\" class=\"has-inline-color\">Pr\u00e1vn\u00edk a akademik se z\u00e1jmem a zam\u011b\u0159en\u00edm na automotive a \u017eivotn\u00ed prost\u0159ed\u00ed.<\/span><\/p>\n\n\n\n<p><span style=\"color:#810406\" class=\"has-inline-color\">Ostravsk\u00fd rod\u00e1k nyn\u00ed p\u016fsob\u00edc\u00ed v Brn\u011b.<\/span><\/p>\n<\/div><\/div>\n\n\n\n<p><\/p>\n","protected":false},"excerpt":{"rendered":"<p>Ji\u0159\u00ed Vodi\u010dka, Ph.D. Pr\u00e1vn\u00edk a akademik se z\u00e1jmem a zam\u011b\u0159en\u00edm na automotive a \u017eivotn\u00ed prost\u0159ed\u00ed. Ostravsk\u00fd rod\u00e1k nyn\u00ed p\u016fsob\u00edc\u00ed v Brn\u011b.<\/p>\n","protected":false},"author":1,"featured_media":0,"parent":0,"menu_order":0,"comment_status":"closed","ping_status":"closed","template":"","meta":[],"yoast_head":"<!-- This site is optimized with the Yoast SEO plugin v14.9 - https:\/\/yoast.com\/wordpress\/plugins\/seo\/ -->\n<title>- Vodicka Jiri<\/title>\n<meta name=\"description\" content=\"Pr\u00e1vn\u00edk a akademik se z\u00e1jmem a zam\u011b\u0159en\u00edm na automotive a \u017eivotn\u00ed prost\u0159ed\u00ed. PrF MU.\" \/>\n<meta name=\"robots\" content=\"index, follow, max-snippet:-1, max-image-preview:large, max-video-preview:-1\" \/>\n<link rel=\"canonical\" href=\"https:\/\/vodickajiri.com\/\" \/>\n<meta property=\"og:locale\" content=\"cs_CZ\" \/>\n<meta property=\"og:type\" content=\"article\" \/>\n<meta property=\"og:title\" content=\"- Vodicka Jiri\" \/>\n<meta property=\"og:description\" content=\"Pr\u00e1vn\u00edk a akademik se z\u00e1jmem a zam\u011b\u0159en\u00edm na automotive a \u017eivotn\u00ed prost\u0159ed\u00ed. PrF MU.\" \/>\n<meta property=\"og:url\" content=\"https:\/\/vodickajiri.com\/\" \/>\n<meta property=\"og:site_name\" content=\"Vodicka Jiri\" \/>\n<meta property=\"article:modified_time\" content=\"2021-02-08T10:34:15+00:00\" \/>\n<meta property=\"og:image\" content=\"https:\/\/vodickajiri.com\/wp-content\/uploads\/2020\/10\/JirkaVodicka_portret_DGP-7-683x1024.jpeg\" \/>\n<meta name=\"twitter:card\" content=\"summary_large_image\" \/>\n<script type=\"application\/ld+json\" class=\"yoast-schema-graph\">{\"@context\":\"https:\/\/schema.org\",\"@graph\":[{\"@type\":[\"Person\",\"Organization\"],\"@id\":\"https:\/\/vodickajiri.com\/#\/schema\/person\/16837448c1732d48882280821870b1bf\",\"name\":\"vodickajiri\",\"image\":{\"@type\":\"ImageObject\",\"@id\":\"https:\/\/vodickajiri.com\/#personlogo\",\"inLanguage\":\"cs\",\"url\":\"https:\/\/secure.gravatar.com\/avatar\/02d4a96cb7fddd8ab31c52f414b8ddeb?s=96&d=mm&r=g\",\"caption\":\"vodickajiri\"},\"logo\":{\"@id\":\"https:\/\/vodickajiri.com\/#personlogo\"}},{\"@type\":\"WebSite\",\"@id\":\"https:\/\/vodickajiri.com\/#website\",\"url\":\"https:\/\/vodickajiri.com\/\",\"name\":\"Vodicka Jiri\",\"description\":\"\",\"publisher\":{\"@id\":\"https:\/\/vodickajiri.com\/#\/schema\/person\/16837448c1732d48882280821870b1bf\"},\"potentialAction\":[{\"@type\":\"SearchAction\",\"target\":\"https:\/\/vodickajiri.com\/?s={search_term_string}\",\"query-input\":\"required name=search_term_string\"}],\"inLanguage\":\"cs\"},{\"@type\":\"ImageObject\",\"@id\":\"https:\/\/vodickajiri.com\/#primaryimage\",\"inLanguage\":\"cs\",\"url\":\"https:\/\/vodickajiri.com\/wp-content\/uploads\/2020\/10\/JirkaVodicka_portret_DGP-7-scaled.jpeg\",\"width\":1707,\"height\":2560},{\"@type\":\"WebPage\",\"@id\":\"https:\/\/vodickajiri.com\/#webpage\",\"url\":\"https:\/\/vodickajiri.com\/\",\"name\":\"- Vodicka Jiri\",\"isPartOf\":{\"@id\":\"https:\/\/vodickajiri.com\/#website\"},\"primaryImageOfPage\":{\"@id\":\"https:\/\/vodickajiri.com\/#primaryimage\"},\"datePublished\":\"2020-09-05T07:33:36+00:00\",\"dateModified\":\"2021-02-08T10:34:15+00:00\",\"description\":\"Pr\\u00e1vn\\u00edk a akademik se z\\u00e1jmem a zam\\u011b\\u0159en\\u00edm na automotive a \\u017eivotn\\u00ed prost\\u0159ed\\u00ed. PrF MU.\",\"inLanguage\":\"cs\",\"potentialAction\":[{\"@type\":\"ReadAction\",\"target\":[\"https:\/\/vodickajiri.com\/\"]}]}]}<\/script>\n<!-- \/ Yoast SEO plugin. -->","_links":{"self":[{"href":"https:\/\/vodickajiri.com\/index.php?rest_route=\/wp\/v2\/pages\/53"}],"collection":[{"href":"https:\/\/vodickajiri.com\/index.php?rest_route=\/wp\/v2\/pages"}],"about":[{"href":"https:\/\/vodickajiri.com\/index.php?rest_route=\/wp\/v2\/types\/page"}],"author":[{"embeddable":true,"href":"https:\/\/vodickajiri.com\/index.php?rest_route=\/wp\/v2\/users\/1"}],"replies":[{"embeddable":true,"href":"https:\/\/vodickajiri.com\/index.php?rest_route=%2Fwp%2Fv2%2Fcomments&post=53"}],"version-history":[{"count":9,"href":"https:\/\/vodickajiri.com\/index.php?rest_route=\/wp\/v2\/pages\/53\/revisions"}],"predecessor-version":[{"id":199,"href":"https:\/\/vodickajiri.com\/index.php?rest_route=\/wp\/v2\/pages\/53\/revisions\/199"}],"wp:attachment":[{"href":"https:\/\/vodickajiri.com\/index.php?rest_route=%2Fwp%2Fv2%2Fmedia&parent=53"}],"curies":[{"name":"wp","href":"https:\/\/api.w.org\/{rel}","templated":true}]}}